se 3
22220222
Convert -1243210 (base 5) to base 11.
-17700
What is 34 (base 11) in base 7?
52
Convert -33 (base 4) to base 7.
-21
25341 (base 8) to base 11
827a
What is -416 (base 13) in base 11?
-582
12496 (base 11) to base 6
214500
12336 (base 8) to base 7
21401
What is 504 (base 15) in base 6?
5121
What is -149 (base 15) in base 6?
-1210
Convert 9dc1 (base 16) to base 7.
225512
-22103 (base 6) to base 7
-11634
-3525 (base 8) to base 3
-2120112
Convert -3651b (base 12) to base 8.
-217147
Convert 562 (base 11) to base 8.
1241
What is 440 (base 11) in base 6?
2240
Convert -11212 (base 4) to base 8.
-546
b7 (base 12) to base 9
164
What is 181 (base 16) in base 14?
1d7
What is -100111111010 (base 2) in base 14?
-d06
What is -12535 (base 11) in base 3?
-220121200
What is 3a35 (base 12) in base 6?
50505
-12231123 (base 4) to base 8
-65533
What is -13991 (base 10) in base 15?
-422b
Convert -1000000 (base 2) to base 9.
-71
Convert -153335 (base 6) to base 15.
-46c5
-15322 (base 10) to base 8
-35732
3204 (base 6) to base 14
39a
23951 (base 12) to base 14
136d7
Convert -50b (base 15) to base 16.
-470
What is -1d2a (base 14) in base 9?
-7272
Convert 126d (base 14) to base 7.
12266
-211003 (base 6) to base 5
-1021232
Convert -3823 (base 11) to base 3.
-20211200
Convert -10001001001011 (base 2) to base 11.
-6661
Convert -1010011000 (base 2) to base 16.
-298
What is -224012 (base 5) in base 8?
-17507
Convert -30ee (base 16) to base 5.
-400101
What is -2b8f (base 16) in base 9?
-16260
Convert 1e6 (base 16) to base 13.
2b5
-195 (base 10) to base 5
-1240
What is -4250 (base 11) in base 6?
-42005
Convert -28412 (base 10) to base 12.
-14538
205331 (base 7) to base 12
18662
-100010101111 (base 2) to base 16
-8af
-1212 (base 8) to base 2
-1010001010
What is 13705 (base 8) in base 9?
8311
Convert 50a8 (base 15) to base 13.
79a3
Convert 1122034 (base 5) to base 12.
b891
What is -17a6 (base 12) in base 9?
-3830
-429 (base 13) to base 8
-1307
Convert 102020 (base 4) to base 6.
5212
What is -1001011111110010 (base 2) in base 5?
-2221043
Convert -3202312 (base 4) to base 6.
-151114
Convert 10237 (base 12) to base 9.
31807
Convert -34 (base 14) to base 7.
-64
Convert 23436 (base 7) to base 11.
4604
What is 16a (base 16) in base 4?
11222
What is 111168 (base 9) in base 7?
364553
Convert -514 (base 12) to base 5.
-10421
What is -1b6 (base 16) in base 14?
-234
What is 233002 (base 4) in base 3?
11010111
What is -10242 (base 10) in base 6?
-115230
Convert -281 (base 13) to base 7.
-1202
What is -110111100 (base 2) in base 3?
-121110
What is -1453 (base 6) in base 11?
-328
-22300 (base 4) to base 8
-1260
What is 966 (base 11) in base 8?
2211
Convert 221420 (base 5) to base 3.
101121111
124 (base 16) to base 2
100100100
What is -25 (base 16) in base 13?
-2b
Convert -10001001 (base 2) to base 16.
-89
Convert 612 (base 10) to base 5.
4422
Convert 11322 (base 4) to base 3.
112000
What is 23111 (base 4) in base 16?
2d5
What is -10001011101110 (base 2) in base 8?
-21356
Convert -254b (base 14) to base 16.
-1987
-1101211 (base 3) to base 6
-4421
What is -260451 (base 7) in base 12?
-23b10
What is -1203 (base 5) in base 13?
-109
Convert 584 (base 10) to base 8.
1110
What is 6c3 (base 15) in base 7?
4320
-123032 (base 4) to base 8
-3316
Convert 2828 (base 10) to base 11.
2141
20c0 (base 14) to base 10
5656
What is 103110130 (base 4) in base 12?
39964
-123413 (base 7) to base 8
-54474
What is -1114 (base 5) in base 10?
-159
11101122 (base 4) to base 7
116646
What is a78 (base 13) in base 4?
123331
31bc (base 16) to base 15
3b8c
Convert a280 (base 11) to base 6.
143052
1110000101 (base 3) to base 2
110111100011001
-5eb (base 16) to base 9
-2063
What is 3203 (base 4) in base 2?
11100011
What is 20766 (base 8) in base 4?
2013312
-4c1 (base 16) to base 9
-1602
-9433 (base 10) to base 6
-111401
38c3 (base 13) to base 3
102010002
Convert 502 (base 7) to base 14.
139
What is 25d (base 15) in base 7?
1366
Convert 8710 (base 10) to base 14.
3262
Convert 2d36 (base 15) to base 16.
25fe
Convert -575 (base 9) to base 2.
-111011001
2902 (base 12) to base 16
1292
1a8 (base 12) to base 5
2042
What is 240 (base 16) in base 2?
1001000000
Convert -10121022 (base 3) to base 7.
-10442
What is 8658 (base 11) in base 6?
124541
What is -225 (base 11) in base 14?
-153
-8a4 (base 11) to base 2
-10000111010
What is -10101011111 (base 2) in base 4?
-111133
What is 2618 (base 11) in base 9?
4605
What is -33553 (base 6) in base 14?
-1a33
-5454 (base 6) to base 3
-1201121
135443 (base 8) to base 4
23230203
4632 (base 10) to base 8
11030
-43ab (base 12) to base 2
-1110100110011
-57e (base 15) to base 6
-5432
Convert -4514 (base 6) to base 15.
-4a4
-10462 (base 8) to base 7
-15556
What is -a558 (base 14) in base 13?
-cc82
What is 11101101 (base 2) in base 8?
355
What is 10401 (base 7) in base 10?
2598
-11000 (base 2) to base 3
-220
-10101100111000 (base 2) to base 16
-2b38
211210221 (base 3) to base 11
11549
95 (base 16) to base 7
302
1001010110 (base 2) to base 4
21112
What is -1c42 (base 14) in base 4?
-1100202
Convert -3142 (base 5) to base 3.
-120122
Convert 1100011110 (base 2) to base 15.
383
Convert -994 (base 10) to base 11.
-824
What is 11a (base 12) in base 10?
166
What is b31 (base 13) in base 14?
999
Convert 132541 (base 6) to base 15.
39a1
What is -1004323 (base 6) in base 14?
-13511
13685 (base 9) to base 8
22137
What is 3665 (base 8) in base 11?
1534
Convert 1779 (base 11) to base 10.
2264
What is -11313 (base 4) in base 2?
-101110111
-1002021 (base 3) to base 13
-48a
Convert 1212 (base 3) to base 15.
35
-282 (base 9) to base 14
-12c
Convert -2762 (base 10) to base 8.
-5312
What is 2203323 (base 4) in base 2?
10100011111011
What is -1250b (base 12) in base 14?
-9123
Convert -3b96 (base 14) to base 7.
-42446
-301 (base 7) to base 9
-174
What is -6bc (base 13) in base 4?
-102101
Convert -6078 (base 9) to base 15.
-14b5
What is -1469 (base 11) in base 9?
-2530
-77738 (base 9) to base 8
-144660
Convert 6a65 (base 12) to base 7.
46436
Convert -103011 (base 5) to base 9.
-4725
13 (base 6) to base 5
14
-6302 (base 9) to base 16
-120b
-18187 (base 9) to base 3
-122012221
-10203300 (base 4) to base 16
-48f0
Convert 28175 (base 12) to base 8.
154351
What is 1974a (base 13) in base 8?
140653
What is 219 (base 12) in base 11?
261
Convert -57c (base 13) to base 10.
-948
Convert -122202 (base 4) to base 5.
-23243
10221201 (base 3) to base 9
3851
What is -23003 (base 4) in base 6?
-3135
1b78 (base 14) to base 4
1032032
Convert 7439 (base 11) to base 7.
40461
What is -102242 (base 7) in base 9?
-26148
What is -47606 (base 9) in base 4?
-13301133
6177 (base 8) to base 6
22451
Convert 7327 (base 12) to base 6.
134051
Convert 2201 (base 7) to base 11.
654
Convert -52571 (base 9) to base 6.
-424444
-20450 (base 7) to base 8
-11651
-2639 (base 12) to base 5
-114430
Convert -586 (base 10) to base 2.
-1001001010
Convert a6a (base 15) to base 12.
143a
Convert ca2 (base 13) to base 4.
201300
Convert 4545 (base 6) to base 13.
647
What is 6682 (base 11) in base 10?
8802
What is 31300 (base 4) in base 8?
1560
10101011011 (base 2) to base 16
55b
Convert -1301132 (base 4) to base 5.
-213022
What is -2399 (base 13) in base 14?
-1b91
Convert 104203 (base 6) to base 11.
6603
5202 (base 7) to base 3
2111020
21231310 (base 4) to base 7
224011
What is 31113 (base 5) in base 4?
133301
2356 (base 9) to base 13
a4a
What is -1562 (base 13) in base 5?
-44442
897 (base 13) to base 12
a30
2357 (base 8) to base 3
1201210
Convert -10001010110100 (base 2) to base 7.
-34621
aa5a (base 11) to base 9
22005
10100100110111 (base 2) to base 13
4a58
Convert -379 (base 12) to base 16.
-20d
Convert 11 (base 14) to base 9.
16
102212 (base 6) to base 13
3a07
What is -2000201 (base 3) in base 10?
-1477
-209 (base 13) to base 6
-1335
What is -30301 (base 4) in base 5?
-11232
Convert 118 (base 12) to base 15.
ae
What is -1914 (base 10) in base 13?
-b43
Convert -1654 (base 10) to base 3.
-2021021
-101110111100 (base 2) to base 5
-44004
Convert -606 (base 8) to base 5.
-3030
What is -12401 (base 5) in base 12?
-694
3737 (base 15) to base 8
26750
What is -301030 (base 4) in base 3?
-11022121
What is -13104 (base 6) in base 9?
-2644
211403 (base 5) to base 15